 divided by 173303?
303
What is the remainder when 214357 is divided by 1238?
183
What is the remainder when 16764826 is divided by 5588274?
4
Calculate the remainder when 4264144 is divided by 2133.
277
What is the remainder when 157485709 is divided by 79?
78
Calculate the remainder when 48847 is divided by 5450.
5247
Calculate the remainder when 216251817 is divided by 30.
27
Calculate the remainder when 467877 is divided by 116905.
257
What is the remainder when 16107906 is divided by 661?
658
What is the remainder when 380020 is divided by 126178?
1486
Calculate the remainder when 2132677 is divided by 2132612.
65
What is the remainder when 3819438 is divided by 954857?
10
Calculate the remainder when 693825 is divided by 325.
275
What is the remainder when 2965280 is divided by 329422?
482
Calculate the remainder when 79766836 is divided by 66417.
19
What is the remainder when 958889623 is divided by 1442?
1441
Calculate the remainder when 1753252 is divided by 4577.
261
Calculate the remainder when 214947 is divided by 340.
67
What is the remainder when 4704732 is divided by 51138?
36
Calculate the remainder when 353653 is divided by 50519.
20
Calculate the remainder when 562598 is divided by 110.
58
What is the remainder when 14370 is divided by 14185?
185
Calculate the remainder when 155886 is divided by 14167.
49
Calculate the remainder when 331243182 is divided by 3185.
3182
What is the remainder when 6438591 is divided by 115?
86
What is the remainder when 2191657 is divided by 196?
181
Calculate the remainder when 1774625 is divided by 742.
503
Calculate the remainder when 617274 is divided by 205560.
594
Calculate the remainder when 11150785 is divided by 58077.
1
Calculate the remainder when 955213 is divided by 4.
1
Calculate the remainder when 25718581 is divided by 241.
25
Calculate the remainder when 1141596918 is divided by 670.
668
Calculate the remainder when 1205554 is divided by 146.
32
What is the remainder when 800347574 is divided by 237?
233
What is the remainder when 61154301 is divided by 1905?
1896
What is the remainder when 10693514 is divided by 1782251?
8
Calculate the remainder when 24804 is divided by 4768.
964
What is the remainder when 1694478 is divided by 3129?
1689
Calculate the remainder when 4035067 is divided by 11764.
15
Calculate the remainder when 3806298 is divided by 369.
63
Calculate the remainder when 680325 is divided by 10.
5
What is the remainder when 5903768 is divided by 62805?
98
Calculate the remainder when 21560247 is divided by 475.
472
Calculate the remainder when 12341259 is divided by 21060.
99
What is the remainder when 28763561 is divided by 77950?
11
Calculate the remainder when 319541 is divided by 79841.
177
What is the remainder when 19943169 is divided by 71?
50
Calculate the remainder when 1389598 is divided by 137.
7
Calculate the remainder when 2903551 is divided by 93.
91
Calculate the remainder when 120580 is divided by 114444.
6136
Calculate the remainder when 14218510 is divided by 1184875.
10
Calculate the remainder when 44949174 is divided by 2769.
2766
Calculate the remainder when 792385 is divided by 118.
15
What is the remainder when 22559777 is divided by 22559767?
10
Calculate the remainder when 349077 is divided by 6.
3
What is the remainder when 389488 is divided by 6486?
328
What is the remainder when 87427 is divided by 28929?
640
What is the remainder when 69380 is divided by 17227?
472
What is the remainder when 45325467 is divided by 992?
987
Calculate the remainder when 16451220 is divided by 2704.
84
Calculate the remainder when 15992522 is divided by 166.
82
Calculate the remainder when 79161181 is divided by 32.
29
What is the remainder when 71877 is divided by 23933?
78
Calculate the remainder when 902232 is divided by 211.
207
Calculate the remainder when 166564633 is divided by 761.
758
Calculate the remainder when 443539 is divided by 5278.
187
What is the remainder when 12848068 is divided by 166?
0
What is the remainder when 4733557 is divided by 566?
99
What is the remainder when 624539 is divided by 29?
24
Calculate the remainder when 109448262 is divided by 8.
6
What is the remainder when 2911219 is divided by 53?
35
What is the remainder when 34457 is divided by 401?
372
What is the remainder when 219937 is divided by 278?
39
Calculate the remainder when 1874257 is divided by 624498.
763
What is the remainder when 84687 is divided by 1853?
1302
What is the remainder when 2728918 is divided by 25?
18
Calculate the remainder when 9081021 is divided by 3672.
165
Calculate the remainder when 44671259 is divided by 59.
58
Calculate the remainder when 8260077 is divided by 451.
12
Calculate the remainder when 172503 is divided by 17218.
323
What is the remainder when 121774549 is divided by 99?
94
Calculate the remainder when 48871743 is divided by 99.
96
What is the remainder when 552205 is divided by 4340?
1025
Calculate the remainder when 9899 is divided by 4678.
543
What is the remainder when 31211 is divided by 1819?
288
Calculate the remainder when 5863515 is divided by 5863510.
5
Calculate the remainder when 204576 is divided by 25051.
4168
Calculate the remainder when 31546 is divided by 31221.
325
What is the remainder when 33869 is divided by 7168?
5197
What is the remainder when 20314046 is divided by 20313962?
84
Calculate the remainder when 859894 is divided by 143279.
220
What is the remainder when 415638 is divided by 19?
13
Calculate the remainder when 65230189 is divided by 21743395.
4
Calculate the remainder when 768540 is divided by 241.
232
Calculate the remainder when 1151994 is divided by 575631.
732
Calculate the remainder when 256246 is divided by 55.
1
Calculate the remainder when 180996331 is divided by 61.
59
Calculate the remainder when 664326 is divided by 2709.
621
Calculate the remainder when 1745014 is divided by 6844.
6638
Calculate the remainder when 2281101 is divided by 2001.
1962
What is the remainder when 180070 is divided by 260?
150
What is the remainder when 909183 is divided by 1972?
91
What is the remainder when 106032 is divided by 2209?
0
Calculate the remainder when 5062430 is divided by 2169.
2153
What is the remainder when 27195326 is divided by 3008?
3006
What is the remainder when 128763 is divided by 938?
257
Calculate the remainder when 337120 is divided by 95.
60
Calculate the remainder when 3180363 is divided by 44.
43
What is the remainder when 532592 is divided by 365?
57
Calculate the remainder when 1358917 is divided by 19980.
277
What is the remainder when 7254383 is divided by 190904?
31
What is the remainder when 58000203 is divided by 129?
126
What is the remainder when 36848 is divided by 379?
85
Calculate the remainder when 49945052 is divided by 683.
677
Calculate the remainder when 1192124 is divided by 887.
883
What is the remainder when 51318 is divided by 1193?
19
What is the remainder when 3160095 is divided by 4788?
15
Calculate the remainder when 50080112 is divided by 57.
26
What is the remainder when 91199 is divided by 2872?
2167
What is the remainder when 889172 is divided by 12702?
32
Calculate the remainder when 10706435 is divided by 1123.
876
What is the remainder when 14673606 is divided by 407599?
42
What is the remainder when 1653305 is divided by 826420?
465
Calculate the remainder when 342011 is divided by 12.
11
What is the remainder when 808180 is divided by 1372?
72
Calculate the remainder when 3160985 is divided by 57472.
25
What is the remainder when 4158254 is divided by 712?
174
Calculate the remainder when 53211887 is divided by 21934.
3
What is the remainder when 71810682 is divided by 198372?
18
What is the remainder when 243100 is divided by 813?
13
What is the remainder when 2811192 is divided by 179?
176
What is the remainder when 228681 is divided by 3176?
9
What is the remainder when 448995 is divided by 89772?
135
Calculate the remainder when 503527 is divided by 23.
11
Calculate the remainder when 39939548 is divided by 3037.
2998
Calculate the remainder when 118099 is divided by 39352.
43
What is the remainder when 695003 is divided by 10857?
155
What is the remainder when 79057 is divided by 78757?
300
Calculate the remainder when 28134712